 by 21?
18
Calculate the remainder when 4031852 is divided by 48.
44
What is the remainder when 723371 is divided by 90411?
83
Calculate the remainder when 143968966 is divided by 767.
765
What is the remainder when 1590787449 is divided by 1225?
1224
Calculate the remainder when 19396678 is divided by 423.
13
What is the remainder when 15110350 is divided by 379?
378
What is the remainder when 722478 is divided by 17128?
3102
What is the remainder when 164152 is divided by 80777?
2598
Calculate the remainder when 28409737 is divided by 4058530.
27
What is the remainder when 3020832 is divided by 47?
1
Calculate the remainder when 805649 is divided by 115090.
19
Calculate the remainder when 8690 is divided by 4312.
66
What is the remainder when 403839 is divided by 282?
15
Calculate the remainder when 82899 is divided by 9197.
126
Calculate the remainder when 160270273 is divided by 7398.
1
What is the remainder when 203797078 is divided by 540?
538
Calculate the remainder when 1467187 is divided by 330.
7
Calculate the remainder when 5747562 is divided by 68.
66
What is the remainder when 367587 is divided by 73469?
242
What is the remainder when 487315 is divided by 1740?
115
Calculate the remainder when 2376991 is divided by 264109.
10
What is the remainder when 1508410 is divided by 49?
43
Calculate the remainder when 2250071 is divided by 5625.
71
What is the remainder when 161260 is divided by 3100?
60
Calculate the remainder when 13794429 is divided by 145.
144
Calculate the remainder when 2748668 is divided by 490.
258
What is the remainder when 283418 is divided by 7262?
200
Calculate the remainder when 36412078 is divided by 80.
78
Calculate the remainder when 20585841 is divided by 374288.
1
Calculate the remainder when 10347946 is divided by 1508.
50
Calculate the remainder when 2950757 is divided by 298.
259
Calculate the remainder when 3277296 is divided by 26863.
10
What is the remainder when 129895415 is divided by 582?
581
Calculate the remainder when 30216054 is divided by 5036008.
6
What is the remainder when 456203 is divided by 190?
13
Calculate the remainder when 122910171 is divided by 3.
0
What is the remainder when 348270 is divided by 7972?
5474
Calculate the remainder when 2598224 is divided by 18.
14
What is the remainder when 3500367 is divided by 141?
42
Calculate the remainder when 10057 is divided by 4770.
517
Calculate the remainder when 141254 is divided by 92.
34
Calculate the remainder when 34458 is divided by 1647.
1518
What is the remainder when 2244838 is divided by 536?
70
Calculate the remainder when 346267 is divided by 74.
21
What is the remainder when 1577863 is divided by 422?
5
Calculate the remainder when 6920 is divided by 4427.
2493
Calculate the remainder when 71444 is divided by 3392.
212
What is the remainder when 3176763 is divided by 12313?
9
Calculate the remainder when 7304 is divided by 4652.
2652
What is the remainder when 339320 is divided by 114?
56
Calculate the remainder when 1318141 is divided by 262.
19
Calculate the remainder when 214926047 is divided by 10.
7
What is the remainder when 10152863 is divided by 732?
23
Calculate the remainder when 5896083 is divided by 6161.
6
Calculate the remainder when 112768 is divided by 466.
462
What is the remainder when 54871761 is divided by 527?
521
What is the remainder when 1282011 is divided by 234?
159
What is the remainder when 4395639 is divided by 7425?
39
Calculate the remainder when 1991578 is divided by 1991574.
4
What is the remainder when 55289478 is divided by 18429810?
48
Calculate the remainder when 228416 is divided by 307.
8
Calculate the remainder when 757088 is divided by 2157.
2138
What is the remainder when 728980 is divided by 242945?
145
Calculate the remainder when 142101997 is divided by 46.
39
What is the remainder when 130387 is divided by 47?
9
What is the remainder when 709928 is divided by 177325?
628
What is the remainder when 7001095 is divided by 287?
17
Calculate the remainder when 69386061 is divided by 13877211.
6
Calculate the remainder when 11331940 is divided by 35.
25
What is the remainder when 255096 is divided by 255058?
38
Calculate the remainder when 240158622 is divided by 375.
372
Calculate the remainder when 485249 is divided by 37322.
63
What is the remainder when 9545312 is divided by 65?
62
Calculate the remainder when 2869145 is divided by 1028.
1025
Calculate the remainder when 151664 is divided by 4117.
3452
Calculate the remainder when 1473475 is divided by 81845.
265
Calculate the remainder when 189963 is divided by 9468.
603
Calculate the remainder when 184539 is divided by 183974.
565
What is the remainder when 6235039 is divided by 140?
139
Calculate the remainder when 128484 is divided by 1458.
180
What is the remainder when 2209406 is divided by 673?
620
Calculate the remainder when 172624 is divided by 83636.
5352
Calculate the remainder when 55626 is divided by 54.
6
Calculate the remainder when 1627197 is divided by 56110.
7
Calculate the remainder when 1365948 is divided by 1480.
1388
What is the remainder when 707427 is divided by 590?
17
Calculate the remainder when 5686848 is divided by 1439.
1359
What is the remainder when 179376 is divided by 157?
82
Calculate the remainder when 8006544 is divided by 41.
23
What is the remainder when 2072232 is divided by 2927?
2843
Calculate the remainder when 70349 is divided by 5101.
4036
Calculate the remainder when 461361 is divided by 175.
61
What is the remainder when 1274196 is divided by 91003?
154
What is the remainder when 3602290 is divided by 720451?
35
What is the remainder when 242934 is divided by 22080?
54
Calculate the remainder when 223597 is divided by 387.
298
Calculate the remainder when 372733 is divided by 41116.
2689
Calculate the remainder when 27540 is divided by 352.
84
Calculate the remainder when 37800 is divided by 431.
303
Calculate the remainder when 19347587 is divided by 5509.
5488
Calculate the remainder when 179062 is divided by 29762.
490
What is the remainder when 204629 is divided by 217?
215
What is the remainder when 371028 is divided by 13740?
48
Calculate the remainder when 3928275 is divided by 1185.
0
Calculate the remainder when 5463514 is divided by 188396.
30
Calculate the remainder when 505659 is divided by 284.
139
Calculate the remainder when 62446105 is divided by 492.
481
What is the remainder when 4843650 is divided by 2821?
2814
Calculate the remainder when 1943869 is divided by 15186.
61
Calculate the remainder when 672969 is divided by 111857.
1827
What is the remainder when 223011 is divided by 1023?
1020
What is the remainder when 40240769 is divided by 1725?
1694
What is the remainder when 579151 is divided by 52648?
23
Calculate the remainder when 1678629344 is divided by 47.
45
What is the remainder when 2070 is divided by 381?
165
What is the remainder when 415650 is divided by 1897?
207
Calculate the remainder when 601120 is divided by 407.
388
Calculate the remainder when 164600200 is divided by 23.
10
What is the remainder when 2108304 is divided by 207?
9
What is the remainder when 8999251 is divided by 2999725?
76
What is the remainder when 3667376 is divided by 61?
56
Calculate the remainder when 3440457 is divided by 101.
94
Calculate the remainder when 146105 is divided by 5214.
113
Calculate the remainder when 320895489 is divided by 46.
41
What is the remainder when 10016 is divided by 1071?
377
What is the remainder when 14564447 is divided by 220?
7
What is the remainder when 2350760 is divided by 167909?
34
Calculate the remainder when 9783371 is divided by 981.
839
What is the remainder when 1805393 is divided by 263?
161
Calculate the remainder when 8372858 is divided by 71.
41
Calculate the remainder when 1406585 is divided by 740.
585
Calculate the remainder when 98375 is divided by 140.
95
Calculate the remainder when 9026040 is divided by 2103.
2067
Calculate the remainder when 614676 is divided by 20486.
96
Calculate the remainder when 21305524 is divided by 4261084.
104
Calculate the remainder when 14903318 is divided by 153.
47
Calculate the remainder when 333823 is divided by 166795.
233
Calculate the remainder when 2154163 is divided by 153864.
6